rt -664 (base 7) to base 6.
-1324
7c3 (base 14) to base 16
607
-1000100000001011 (base 2) to base 4
-20200023
Convert -1251 (base 6) to base 14.
-18b
Convert -1ac (base 16) to base 5.
-3203
Convert 1304 (base 5) to base 10.
204
Convert -130310 (base 4) to base 12.
-1098
What is 1110111110 (base 2) in base 13?
589
Convert -aac1 (base 15) to base 7.
-210325
Convert -1101022 (base 4) to base 2.
-1010001001010
7077 (base 8) to base 5
104042
Convert -517 (base 13) to base 14.
-45b
4413 (base 9) to base 12
1a70
-2031 (base 5) to base 11
-222
Convert a91 (base 16) to base 5.
41310
34111 (base 6) to base 10
4795
What is -26c1 (base 16) in base 8?
-23301
-311e (base 16) to base 7
-51442
Convert 20 (base 16) to base 3.
1012
-115055 (base 6) to base 5
-311222
665 (base 9) to base 5
4140
Convert 32534 (base 7) to base 8.
17737
Convert 221230 (base 4) to base 14.
d88
-45106 (base 8) to base 16
-4a46
11020221 (base 4) to base 2
101001000101001
352 (base 12) to base 2
111101110
What is 3516 (base 10) in base 2?
110110111100
What is -3333 (base 5) in base 9?
-570
1112120 (base 5) to base 11
13853
28036 (base 10) to base 14
a308
Convert 101211 (base 3) to base 7.
565
23584 (base 10) to base 5
1223314
-15a (base 15) to base 7
-622
What is 22201 (base 3) in base 9?
281
24 (base 7) to base 8
22
4642 (base 9) to base 7
13013
What is -704 (base 8) in base 2?
-111000100
103a0 (base 14) to base 3
1222200210
18377 (base 13) to base 4
23122112
-1040 (base 8) to base 7
-1405
13617 (base 10) to base 11
a25a
What is 98 (base 14) in base 4?
2012
845 (base 14) to base 4
121131
Convert 800 (base 13) to base 8.
2510
Convert 42066 (base 9) to base 11.
19949
102555 (base 6) to base 13
3aac
Convert 7e71 (base 16) to base 10.
32369
Convert -ae1 (base 16) to base 13.
-1363
Convert 329 (base 11) to base 5.
3034
-111000011000 (base 2) to base 5
-103413
What is -13772 (base 8) in base 6?
-44230
What is -437 (base 15) in base 3?
-1022021
Convert 40552 (base 7) to base 8.
23236
-210440 (base 6) to base 8
-41170
What is 4641 (base 11) in base 12?
363b
-300021 (base 4) to base 2
-110000001001
What is -30230 (base 4) in base 16?
-32c
Convert -1017 (base 14) to base 10.
-2765
Convert 433 (base 5) to base 15.
7d
-111004 (base 5) to base 9
-5280
Convert -23044 (base 5) to base 6.
-11345
-1001101100000 (base 2) to base 16
-1360
Convert 55252 (base 9) to base 7.
211610
Convert -1011012 (base 3) to base 2.
-1101001010
What is 12986 (base 10) in base 13?
5bac
Convert -c31b (base 15) to base 2.
-1010000011110001
Convert -6455 (base 15) to base 12.
-10352
Convert -1365 (base 8) to base 5.
-11012
What is -280 (base 13) in base 2?
-110111010
Convert 1057 (base 9) to base 8.
1415
What is -163 (base 14) in base 15?
-13d
-1aa (base 15) to base 5
-3020
Convert 10000000000 (base 2) to base 6.
4424
-81 (base 14) to base 12
-95
-421322 (base 5) to base 10
-13962
Convert -14 (base 7) to base 15.
-b
Convert -245 (base 9) to base 11.
-175
What is 5515 (base 7) in base 14?
a0c
What is a9d8 (base 14) in base 2?
111001011010010
What is -1adc (base 15) in base 10?
-5832
What is -4035 (base 7) in base 2?
-10101110110
233031 (base 4) to base 16
bcd
What is 2013224 (base 5) in base 7?
163132
16656 (base 11) to base 4
11231312
Convert 4e7b (base 15) to base 12.
9852
10826 (base 10) to base 5
321301
122120 (base 3) to base 5
3344
37a (base 14) to base 9
853
What is 638 (base 10) in base 5?
10023
Convert 3c3 (base 16) to base 5.
12323
What is 16560 (base 8) in base 9?
11303
34fa (base 16) to base 3
200121022
What is -3234 (base 7) in base 12?
-800
Convert -132c (base 13) to base 8.
-5266
Convert 35b5 (base 14) to base 3.
110212002
Convert -1141 (base 5) to base 9.
-210
What is 214 (base 12) in base 8?
460
What is -21024 (base 5) in base 16?
-56d
-12121 (base 4) to base 10
-409
10975 (base 13) to base 12
1556a
What is 1041324 (base 5) in base 11?
12862
Convert 173 (base 15) to base 5.
2313
Convert -2e2 (base 16) to base 4.
-23202
1201 (base 7) to base 9
541
What is -25023 (base 12) in base 10?
-50139
-13424 (base 6) to base 3
-2212221
What is 134 (base 16) in base 5?
2213
-61552 (base 7) to base 16
-3ab7
-421 (base 14) to base 3
-1010010
Convert 133220 (base 5) to base 6.
41055
What is -20317 (base 11) in base 8?
-71737
-43411 (base 8) to base 2
-100011100001001
Convert -347 (base 14) to base 2.
-1010001011
3237 (base 8) to base 3
2022210
Convert -3333 (base 5) to base 14.
-256
Convert -556 (base 9) to base 8.
-710
-41032 (base 5) to base 7
-10463
Convert 721 (base 8) to base 14.
253
Convert 2416 (base 7) to base 11.
744
What is 5615 (base 16) in base 11?
15614
Convert -30222 (base 7) to base 16.
-1c95
1604 (base 8) to base 6
4100
Convert -222212211 (base 3) to base 9.
-28784
Convert -546 (base 8) to base 16.
-166
-cc7 (base 16) to base 14
-1299
Convert -42b8 (base 12) to base 2.
-1110010101100
Convert 9a0 (base 12) to base 14.
732
Convert 2165 (base 8) to base 6.
5141
Convert ec4c (base 16) to base 2.
1110110001001100
Convert -8b6 (base 16) to base 12.
-135a
Convert -960 (base 12) to base 15.
-613
2140 (base 6) to base 16
1ec
33031 (base 4) to base 11
805
Convert -14442 (base 8) to base 10.
-6434
a0a (base 14) to base 3
2200222
Convert 100011 (base 2) to base 14.
27
Convert -1434 (base 13) to base 16.
-b64
-382 (base 11) to base 15
-203
What is 795 (base 14) in base 4?
113133
What is -1204 (base 12) in base 10?
-2020
Convert 8354 (base 10) to base 2.
10000010100010
Convert 7632 (base 11) to base 13.
4783
4b8 (base 16) to base 7
3344
b665 (base 12) to base 16
4ded
Convert 310022 (base 4) to base 10.
3338
What is -101201202 (base 3) in base 16?
-1e8f
Convert -1142001 (base 5) to base 4.
-11033331
Convert 100010101110 (base 2) to base 8.
4256
Convert 557 (base 8) to base 16.
16f
What is -2521 (base 8) in base 11?
-1028
What is -4506 (base 8) in base 2?
-100101000110
Convert -baa (base 12) to base 4.
-122302
What is 10331 (base 5) in base 7?
2042
Convert -9443 (base 11) to base 13.
-5904
Convert -230321 (base 4) to base 16.
-b39
-e1a (base 16) to base 2
-111000011010
Convert -8460 (base 9) to base 12.
-3716
22012 (base 3) to base 6
1005
What is -13652 (base 8) in base 7?
-23443
What is -372 (base 9) in base 2?
-100110100
Convert -12122 (base 4) to base 10.
-410
-426 (base 9) to base 13
-20a
Convert 132500 (base 6) to base 8.
27764
Convert -1111011010110 (base 2) to base 15.
-2514
Convert -23020 (base 5) to base 15.
-740
-2231 (base 6) to base 16
-20b
What is 110111100011000 (base 2) in base 15?
8660
What is -3540 (base 7) in base 6?
-10010
What is -f23f (base 16) in base 15?
-13595
What is -35b9 (base 13) in base 3?
-101102001
12110101 (base 3) to base 7
14413
232677 (base 8) to base 12
39a7b
What is -6576 (base 9) in base 7?
-20064
What is 13797 (base 10) in base 6?
143513
What is 5007 (base 8) in base 3?
10112002
-1a1 (base 16) to base 15
-1cc
-848 (base 9) to base 13
-413
What is -11001010011 (base 2) in base 13?
-977
What is -1001010210 (base 3) in base 5?
-1124024
What is -633 (base 9) in base 2?
-1000000100
Convert -1010100 (base 2) to base 12.
-70
What is -3570 (base 12) in base 16?
-1764
1201112 (base 3) to base 12
888
What is -2c5 (base 14) in base 11?
-474
-173 (base 13) to base 16
-107
What is 10012212 (base 3) in base 6?
14505
What is 2020 (base 5) in base 12?
198
-24199 (base 10) to base 7
-130360
What is 2c73 (base 13) in base 3?
22221100
-2044 (base 13) to base 11
-3386
10122 (base 3) to base 4
1202
Convert -41420 (base 5) to base 4.
-222233
Convert -121403 (base 5) to base 7.
-16264
Convert 37 (base 11) to base 9.
44
What is 754b (base 15) in base 7?
132236
6a4 (base 16) to base 15
785
What is -3eb (base 16) in base 12?
-6b7
Convert 3483 (base 13) to base 8.
16316
238 (base 15) to base 3
200122
6b8 (base 14) to base 16
53a
What is -1111430 (base 5) in base 2?
-100110010011111
What is 20 (base 10) in base 2?
10100
a1a4 (base 13) to base 9
33487
What is 10031 (base 5) in base 6?
2545
-3822 (base 14) to base 4
-2121212
What is -62 (base 13) in base 9?
-88
Convert -4141 (base 15) to base 12.
-7b8a
Convert -13031 (base 4) to base 7.
-1226
What is 24320 (base 5) in base 8?
3453
136 (base 16) to base 4
10312
166 (base 10) to base 6
434
Convert -5825 (base 9) to base 6.
-31552
Convert 42c8 (base 15) to base 7.